ed by j.
0
Let a = 22 - 13. What is the remainder when 15 is divided by 114/a + 3*2/18?
2
Suppose 0 = -z + 4*q + 53, 0*z + 2*q - 177 = -5*z. Suppose -10 = -11*g - 76. What is the remainder when z is divided by (g - (-10 - -5))/(2/(-38))?
18
Let m = 17 - 25. Suppose 0 = -74*y - 374 + 2446. Calculate the remainder when 39 is divided by (1/((-14)/40))/(m/y).
9
Let g = 9013 + -8985. Calculate the remainder when 807 is divided by g.
23
Suppose -9*r = -20*r + 13431. What is the remainder when r is divided by 28?
17
Let r(u) = 12*u - 2. Let c(s) = s**3 - s**2 - s + 3. Let k be c(0). What is the remainder when (10/(-3) - -4) + 1870/30 is divided by r(k)?
29
Suppose 5*f - 61 = z, 134 - 66 = 4*f - 4*z. Calculate the remainder when (-4)/(-12) - 116/(-3) is divided by f.
6
Let u(c) = -32*c + 31*c + 19 + 4 + 5. What is the remainder when (-1 - -1 - -1)/((-25)/(-875)) is divided by u(9)?
16
Let o = 13634 + -13521. Calculate the remainder when 237 is divided by o.
11
Suppose -3*m + 2*u + 677 = 0, 4*u - 1315 = -4*m - 479. What is the remainder when m is divided by (2 - 7)*(-6)/5?
3
Let w be (-8 - -5)/(3/(-39)). Suppose 4*q - 5*a - w = 0, q + 4*a = -q + 26. Let k = 19 - q. Calculate the remainder when 85 is divided by k.
5
Let r be ((-4)/5)/(7/(-210)). Calculate the remainder when 107 is divided by 872/r + (-4)/(-6).
33
Let f(r) = r**3 + 6*r**2 - 28*r - 67. Suppose 2*t - 5*c = -5 + 49, t + 4*c = 9. What is the remainder when f(-8) is divided by t?
12
Suppose 0 = -4*u + 12, 5*m - 2*u + 23369 - 101658 = 0. Calculate the remainder when m is divided by 20.
19
Suppose 31*o = 23*o + 1136. Let r = -110 + o. Let y = r - -81. Calculate the remainder when y is divided by 19.
18
Let x(h) be the third derivative of -h**4/3 + 13*h**3/3 + 939*h**2. Let i be 1/4 + 21/(-4). What is the remainder when x(i) is divided by 14?
10
Suppose -3 = -3*k, -3*q - 5*k = 22 - 111. What is the remainder when 1450 is divided by q?
22
Suppose 4*m + 743 = 3*v, -5*m - 3*v - 460 - 462 = 0. Let s = -143 - m. What is the remainder when 164 is divided by s?
38
Suppose -60 = -3*v - 6. Let s be ((-9)/v)/(1/(-6)). Suppose 2*t = s*a - 5*a + 486, 5*a - 1203 = -2*t. Calculate the remainder when a is divided by 48.
47
Let g = 83 + -91. Let z = 109 - 72. Calculate the remainder when z is divided by (g - -5) + 3 + 13.
11
Let l(j) = 623*j**2 + 2. Let g be l(1). Suppose 53*y - g = 48*y. Calculate the remainder when y is divided by (2*6)/((-3)/(-8)).
29
Let g(d) = 6*d**2 + 13*d - 481. What is the remainder when g(-12) is divided by 38?
37
Suppose -48 = -4*t - 5*a + 1157, 2*t = -2*a + 606. Calculate the remainder when t is divided by 14.
2
Let d(w) = 13 + 31 - 9 - 4*w. Let v(m) = m**2 - 3*m + 6. Let f be v(3). Calculate the remainder when 54 is divided by d(f).
10
Suppose 0 = -290*q + 13*q + 108861. What is the remainder when q is divided by 145?
103
Let x = 20 + -15. Suppose 0 = x*d + r + 5, 2 = -r - 3. Let y(k) = -k**2 + k + 22. What is the remainder when 41 is divided by y(d)?
19
Let r be -2 - -6*(15 - -4). Let a = -53 + r. Let y = 94 - a. What is the remainder when y is divided by 18?
17
Let s(r) = 12*r**2 - 148*r - 26. Calculate the remainder when s(14) is divided by (-12)/(-8)*2/(-3) + 17.
14
Suppose -221*t - 357 = -224*t - 5*v, 5*t + 5*v - 615 = 0. What is the remainder when 3093 is divided by t?
126
Let x(l) = 7*l**2 - 62*l + 1240. Calculate the remainder when x(21) is divided by 17.
16
Let h = -818 - -454. Let t = h - -464. What is the remainder when t is divided by 12?
4
Let w = -6907 + 7553. Calculate the remainder when w is divided by 132.
118
Let v(a) = -a**3 - 7*a**2 - 2*a - 2. Let k = 8643 - 8628. What is the remainder when k is divided by v(-7)?
3
Suppose 4*j = -3*l - 4 + 108, -125 = -5*l + 3*j. Suppose -l*n = 8*n - 216. Calculate the remainder when (0 + -1)*-29*1 is divided by n.
5
Let a = -658 + 861. Suppose -8*r - 11 = -347. Calculate the remainder when a is divided by r.
35
Suppose -5702 = -3*v - 4*k, 5700 = 3*v + 7*k - 4*k. Suppose 5*z + 4*f = v, -z = 5*f - 389 + 1. Calculate the remainder when z is divided by 38.
36
Suppose j = -2*j + 9, -2*n + j = -609. Suppose n = 3*a - a. What is the remainder when a is divided by 14?
13
What is the remainder when 11251 is divided by 6/(-26) - 19/(5681/(-16813))?
51
Let a(r) = -r - 9. Let c be a(9). Let f = c + 22. What is the remainder when 7/(-26 + -2) - (-317)/f is divided by 17?
11
Let n(k) = -70*k**2 - 3*k + 1. Let t be n(-2). Let a = 278 + t. What is the remainder when 51 is divided by a?
1
Suppose -47*v = -18*v + 19*v - 2304. What is the remainder when 3741 is divided by v?
45
Suppose 19*c + 22 = 27*c - 42. What is the remainder when (-20)/6*99/(-22) is divided by c?
7
Let o(w) = w**2 - 93*w + 819. What is the remainder when 207 is divided by o(84)?
18
Let s(a) = -23*a**2 + 734*a + 66. What is the remainder when 106 is divided by s(32)?
0
Let m = 11 + 37. Suppose -a - l = 470, 2*a - 4*a = -3*l + 920. Let w = -325 - a. Calculate the remainder when w is divided by m.
45
Let d be 22*-1*27/(-54). Suppose 0 = t + l - d, 5*t + 2*l - 7 = 39. Suppose 762 = t*o - 982. Calculate the remainder when o is divided by 44.
42
Suppose -4*y - k = -1604, 99*y + 5*k + 1203 = 102*y. What is the remainder when 1606 is divided by y?
2
Let g = 17 + 12. Suppose 0 = 2*p - g + 3. What is the remainder when 2*(p/2 - -2) is divided by 10?
7
Let i(f) = 2*f**3 - 70*f**2 + 83*f + 640. What is the remainder when i(34) is divided by 222?
40
Let g be (1 - 2/1)/((-19)/2641). Suppose -g*d = -134*d - 150. What is the remainder when 267 is divided by d?
27
Let j = 170 - 148. Suppose j = 10*q + 12. What is the remainder when 3/(-9)*-1*6 is divided by q?
0
Let l(q) = 6*q**2 + 46*q + 138. What is the remainder when 212 is divided by l(-3)?
50
Let g(f) = -5*f**2 - 71*f + 74. What is the remainder when 514 is divided by g(-14)?
74
Let k(c) = 13*c**2 + c. Suppose 3*b - 48 - 96 = 0. Suppose b = n + 26. Calculate the remainder when n is divided by k(-1).
10
Let b(j) = -2*j**2 - j - 1. Let a(h) = h**2 + 24*h + 96. Let t(d) = -a(d) - b(d). Calculate the remainder when 31 is divided by t(27).
5
What is the remainder when (-6 - -13 - 6)/(-3*8/(-7752)) is divided by 46?
1
Let x = 1957 - 1939. What is the remainder when 1400 is divided by x?
14
Suppose 620 = -3*k + 5*k. Suppose 4*a - 1472 = -1456, 2*o - 56 = -a. What is the remainder when k is divided by o?
24
Suppose q = -2*v + 124, 230 = -611*q + 613*q + v. Let r(h) = h**2 + 15*h - 19. Calculate the remainder when q is divided by r(-17).
7
Let j = -61 + -118. Let d = j + 294. Suppose 0 = -5*q - d + 420. What is the remainder when q is divided by 16?
13
Suppose -22*b - 78 = 32. Suppose 3*v + 3*m = 180, 2*v - 123 = -3*m - 2*m. What is the remainder when v is divided by b/(-4) - ((-126)/(-24) - 14)?
9
Let i(o) = 463*o - 4399. Calculate the remainder when 1807 is divided by i(10).
190
Let p be ((-244)/6)/((-12)/18). Let w = p + -47. Calculate the remainder when ((-2)/(-2))/((-2)/(-52)) is divided by w.
12
Let n = 269 + -299. Calculate the remainder when 324 is divided by 135/n*88/(-6).
60
Suppose 5*w = -7*z + 3*z - 9, -w + 7 = 3*z. Suppose 0 = 3*b + q - z*q - 33, -3*b + 61 = 4*q. Calculate the remainder when 104 is divided by b.
14
Let y(j) = 3*j - 50. Let s be y(19). Suppose k = -s*k + 208. What is the remainder when 762/10 + 2 + (-33)/15 is divided by k?
24
Let f = -26 + 22. Let q be (-72)/6 - f*1. What is the remainder when 34 is divided by (98/q)/7*-4?
6
Suppose 1263 = 28*d + 25*d - 751. What is the remainder when 15806 is divided by d?
36
Let k = -3303 + 5061. Calculate the remainder when k is divided by 196.
190
Suppose -54*u = 91*u - 73217 + 282. What is the remainder when u is divided by 9?
8
Suppose -3*h + 13193 = -19*t + 21*t, 2*h - 2*t = 8822. What is the remainder when h is divided by 1459?
26
Suppose 4 = -p + 3*x - 6, -5*p + 2*x = -15. Suppose p*m = -6 - 14, -2*m - 213 = -5*g. Calculate the remainder when g is divided by 13.
2
Suppose 0 = 2*i - 8, 2*b - 3*i - 16 = 44. Suppose -3*s + 329 = 4*n, -45 = -n - 2*s + b. Calculate the remainder when n is divided by 14.
13
Suppose 2*q = -4*m + 574, 5*q = -274*m + 272*m + 1427. What is the remainder when 595 is divided by q?
25
Let g(r) = r**2 - 15*r - 21. Suppose -78 = -3*i - 18. Let u be g(